3
Let x = -1703 + 4775. What is the greatest common factor of x and 96?
96
Let n = 260 + -148. Let l(q) = 28*q - 708. Let m be l(27). Calculate the greatest common factor of n and m.
16
Suppose 24*v - 126 = 21*v. Let u be 0/7*1/(-2). Let x(i) = i**2 + i + 294. Let n be x(u). What is the greatest common factor of v and n?
42
Let g(c) = 12*c + 10. Let b(x) = x + 50. Let k be b(0). Let l = -48 + k. Let w be g(l). Calculate the highest common factor of w and 102.
34
Suppose 173*z + 3714 - 5271 = 0. Let i be -117*(-3 - 1*-2). What is the greatest common factor of z and i?
9
Suppose 5*c = y + 10, y = -2*c - 9 + 6. Let t be (c/((-15)/9))/((-3)/255). Calculate the greatest common factor of 34 and t.
17
Let z(f) = -24*f + 133. Let c be z(-3). Suppose 6*u + 655 = 9*u - 5*x, -u - x + c = 0. What is the greatest common factor of 60 and u?
30
Let m(q) = -q**3 - 11*q**2 - 14*q - 24. Let w be m(-10). Suppose -13*z + 12*z = -6. Calculate the highest common factor of w and z.
2
Suppose 35*x + 1584 = 2*d + 38*x, 0 = 2*d + 4*x - 1580. What is the greatest common divisor of 42 and d?
42
Let j(r) = 1327*r - 845. Let p be j(3). Calculate the highest common factor of p and 49.
49
Let o(y) = 12*y**3 - 5*y**2 + 13*y - 3. Let q be o(3). Calculate the greatest common factor of 1365 and q.
105
Let c = 360 + -354. What is the highest common divisor of c and 1182?
6
Let d(q) = 3*q - 4. Let x be d(3). Suppose 3*r - 3*s + 14 = s, 5*r - x = s. Let p = -30291 - -30294. What is the highest common divisor of r and p?
1
Suppose -19*x + 23*x = -3*m + 117269, -87999 = -3*x - 9*m. What is the greatest common factor of x and 256?
128
Suppose -m + o = m - 11, -4*m - o = -37. Let s = -1481 + 1517. Calculate the highest common divisor of s and m.
4
Suppose 79051 + 104825 = 47*l - 160728. What is the greatest common divisor of l and 156?
156
Let n be 31/(-5) - (-7)/35. Let p be (-1770)/21 - n/21. Let b = p + 124. What is the greatest common factor of 5 and b?
5
Suppose 695 = 5*b - 3*v, -2*b - 5*v + 190 = -57. Let p(q) = q**2 - 27*q + 264. Let d be p(9). What is the greatest common divisor of d and b?
34
Suppose -226438*i + 226406*i = -704. Let s(h) = 43*h - 6. Let k be s(5). Calculate the greatest common divisor of i and k.
11
Let o(p) = p**3 - 18*p**2 + 29*p + 51. Let a be o(16). What is the highest common divisor of a and 1131?
3
Let s(r) = -36*r + 52. Let z(y) = 1. Let i(k) = -s(k) - 8*z(k). Let q be i(7). What is the highest common divisor of 12 and q?
12
Let f = 4 - -3. Let g = 209 + -254. Let j be (6/(-8))/(g/3780). Calculate the highest common divisor of f and j.
7
Let c be (2/(-5)*(6 - 88))/((-12)/(-30)). Calculate the highest common factor of 4 and c.
2
Let u(o) = 2*o**2 + 53*o + 356. Let z be u(-11). Suppose 1830 - 150 = -4*b. Let m be 1/(-2*2/b). Calculate the highest common divisor of m and z.
15
Let y be (87316/(-498))/((-1)/54). What is the highest common factor of y and 108?
36
Suppose 2*o - 182 = o. Let j be 678/(-48) + (1 - (-7)/(-8)). Let z = o + j. What is the greatest common divisor of 21 and z?
21
Let i be 1311/2*132/99. Calculate the greatest common factor of i and 598.
46
Suppose -d - k = -6, 200*d + 72 = 205*d - 2*k. Calculate the highest common factor of 4236 and d.
12
Suppose -s = -3*y + 31, 0 = -y - 5*s + 17 + 4. Let r(f) = 4*f**3 - 45*f**2 + 11*f + 2. Let z be r(y). Calculate the highest common factor of 2 and z.
2
Suppose -7 = -2*d + w + 18, 50 = 5*d - 5*w. Suppose -9*f = -4*f + d. Let k(r) = r**2 + r - 5. Let c be k(f). What is the greatest common factor of 4 and c?
1
Let i be (-20)/230 - (-1)/(-23)*-16102. Calculate the highest common factor of i and 280.
140
Suppose 2899 + 1829 - 592 = 8*a. What is the greatest common divisor of a and 423?
47
Let l = 19 + 8. Let c(x) = 65*x - 288. Let m be c(5). Let g = m - l. What is the highest common divisor of g and 35?
5
Suppose -z - 2 = l, -6*l + 5*l - 14 = 4*z. What is the highest common divisor of l and 424?
2
Let l(k) = 3*k**2 - 8*k + 1717. Let t be l(54). What is the highest common factor of 79 and t?
79
Let c(k) = 3*k**3 - 3*k**2 - 6*k - 3. Let x be c(6). Let o = 537 - x. Calculate the greatest common factor of o and 468.
36
Let a(p) = 4*p**2 - 10*p + 7. Let g be a(6). Suppose -x + 33 - 228 = 0. Let n be (6/4)/(3 - x/(-70)). Calculate the greatest common divisor of n and g.
7
Let t be (-24)/10*(-450)/4. Let c = -381 - -651. Suppose -5*g = -14*g + c. What is the highest common factor of g and t?
30
Let o(f) = -f**3 - f**2 + 4*f + 6. Let t(b) = 12*b + 10. Let h be t(-1). Let a be o(h). Calculate the greatest common divisor of 7 and a.
1
Let c(k) = 2*k**2 - 188*k + 4763. Let r be c(43). Calculate the greatest common divisor of r and 1537.
29
Let u = -470 + 474. Suppose -5*t = -10*t + 2*q + 851, 0 = -u*t - 5*q + 694. Calculate the highest common divisor of t and 38.
19
Suppose 4065 - 465 = -a + 16*a. Suppose -16 = -3*w - w. Suppose -5*g + w*k + 0*k = -55, -5*k = 5*g - 100. Calculate the highest common divisor of g and a.
15
Suppose 7*x = -0*x + 2*f + 6481, 0 = -5*x - f + 4622. What is the greatest common factor of x and 15?
5
Let f(v) = -4*v**2 + v - 3. Let q be f(1). Let g be 216*-6*q/72. What is the greatest common divisor of g and 12?
12
Let l = 85 + 212. Suppose 6*p - 16 - 2 = 0. Suppose 5*c + 3*o - 180 = 0, c + 3*o = -p*c + 147. Calculate the highest common divisor of l and c.
33
Let p(s) = -22*s - 58. Let u be p(-14). Let h = u + -227. Let f(n) = 184*n**3 - n**2 + n. Let z be f(1). What is the greatest common divisor of z and h?
23
Suppose 5*t - 9*t + q + 2099 = 0, 4*q - 4 = 0. Calculate the greatest common divisor of t and 140.
35
Let r(j) = -140*j + 45. Let k = 867 - 868. Let y be r(k). Calculate the highest common divisor of 37 and y.
37
Suppose -5*z - 2972 = 6*t - 9*t, z - 3955 = -4*t. What is the highest common divisor of 301 and t?
43
Let z be 18/6 + 14*(-9)/(-6). Suppose 2*p + z = 6. Let b be -2 - (p + (-2)/3*3). What is the greatest common factor of 99 and b?
9
Let c = 1795 + -1583. What is the highest common divisor of c and 848?
212
Suppose 2*d + 2*r - 5*r = 18, -3*d = -r - 41. Suppose y - 80 = 5*t, d*t - 13*t + 4 = 0. What is the highest common factor of y and 126?
14
Suppose -y - 92 = 4*h - 11, 5*y = 4*h + 99. Let p = 84 + h. Suppose 0 = 2*x - 5*m - p, 0 = x + 3*x - 4*m - 120. Calculate the highest common factor of 58 and x.
29
Let i(g) = 67*g + 6. Let d be i(2). Let u be 6/(-33) + 1856/44. What is the greatest common divisor of u and d?
14
Let a be 750/(-20)*(-4)/(-3). Let y = a + 53. Suppose 51 = 3*c + y*q + 18, 4*c - 3*q - 44 = 0. What is the greatest common factor of c and 11?
11
Suppose 381*z = -12780 + 110316. Suppose 5*f + 2*q - 92 = 6*q, f - 3*q = 25. Calculate the greatest common factor of f and z.
16
Let p = 18198 - 18112. Calculate the highest common divisor of 9030 and p.
86
Let r be (-19 + 33)*24/2. Suppose 0 = h + 56 - r. What is the greatest common divisor of 14 and h?
14
Suppose -2*j + 24 = -4*k, 0*j - k + 39 = 2*j. Let m be ((-12)/18 + 12/9)*j. Let f be (2/(-8))/((-39)/572)*m. What is the highest common divisor of 33 and f?
11
Let h(r) = -57*r + 5808. Let i be h(-53). Calculate the greatest common divisor of i and 81.
81
Suppose -3*h - 2*y + 21021 = 0, 2*h - 220*y - 14028 = -219*y. What is the greatest common divisor of h and 38?
19
Let f be (-2)/7 + (121500/(-105))/(-4). Suppose -21*b = -4*b - f. Calculate the greatest common factor of b and 425.
17
Suppose -3*c - 5*l + 558 = 0, 13*c - 3*l - 429 = 11*c. What is the greatest common divisor of 3551 and c?
67
Suppose -1265 = -5*q - 4*y - 384, -2*q = -5*y - 359. What is the greatest common factor of 2419 and q?
59
Suppose -95754 = -12*l + l - 4*h, 34816 = 4*l + h. Calculate the highest common factor of 133 and l.
19
Suppose 0 = 35*h - 43 - 132. Suppose 3*f - 177 - 199 = -2*q, 3*q - 626 = -h*f. What is the greatest common divisor of 12 and f?
4
Suppose 170*d - 188*d = -15264. What is the greatest common divisor of d and 6?
2
Suppose 12*g = 6*g + 18. Suppose -g*a + 3 = 3*j, -j + 28 = 3*j - 4*a. What is the greatest common factor of j and 8?
4
Suppose -1365 = -2*q + v, 0 = 13*v - 9*v + 12. Calculate the greatest common divisor of q and 7037.
227
Let s(d) = 95*d - 4642. Let c be s(50). What is the greatest common divisor of 768 and c